5. List the prime factors of w.
2, 7
Let q be 0*(-2 - (-6)/4). Suppose q = -5*u + 7*u - 28. What are the prime factors of u?
2, 7
Let f be (0 + -3)*(3 + -4). Suppose 9 = -f*a + 33. Suppose -2*z + a = -0. What are the prime factors of z?
2
Suppose 5*p - 76 = 4*p. List the prime factors of p.
2, 19
Let z be (-50)/15*6/(-5). Let h be (-2 - (-6)/z)*-12. List the prime factors of 3/h - 7/(-2).
2
Suppose -3*c - 2*b - 52 = 0, c + 3*c = 4*b - 36. Let v = 14 - c. What are the prime factors of v?
2, 7
List the prime factors of (-114)/(4/(-5 + 3)).
3, 19
Suppose 5*x + 14 = 4*z - 3, 4*x + 4 = 0. Let u = -5 - -8. Suppose -u = -z*d + 3. List the prime factors of d.
2
Suppose -57 = -5*h + 78. What are the prime factors of h?
3
Let c be (-12)/3*1/2. Let k be (0*1/2)/c. Suppose -l + 35 = 4*b - k*l, 0 = 5*b + 5*l - 40. What are the prime factors of b?
3
Suppose 0*r - 174 = -2*r. List the prime factors of r.
3, 29
Let o be 30/(-9)*12/(-10). Suppose 0 = -2*a + 8 - o. List the prime factors of a.
2
Let i = -8 - -8. Suppose p + 0*p - 17 = i. List the prime factors of p.
17
Let t = -16 - -10. Let l(h) = -h**2 + 6*h + 3. Let y be l(3). Let b = y + t. What are the prime factors of b?
2, 3
Let y(x) = 3*x**2 + 3*x - 4. Let w(m) = -4*m**2 - 2*m + 3. Let o(g) = -4*w(g) - 3*y(g). Suppose -4*u = -3 - 1. What are the prime factors of o(u)?
2, 3
Suppose 0 = -2*l + 6 + 78. What are the prime factors of l?
2, 3, 7
Suppose 0 = -0*f - 2*f + 10. Suppose -p + 5*z = -4*p - f, -5*p + 5*z = -45. Suppose -5*i + 66 = 2*v, 4*i + p*v = v + 60. List the prime factors of i.
2, 3
Let y(c) = c**2 + 4*c + 4. What are the prime factors of y(-5)?
3
Suppose -7 = -4*j + 5*j. Let p = j - -13. Suppose 0 = -p*s + 5*s + 2. What are the prime factors of s?
2
Let l(y) = -y**2 + y - 5. Let s be l(-3). Let k = s - -41. What are the prime factors of k?
2, 3
Suppose r - 3*r - 18 = 0. What are the prime factors of (-2 - -1)/(1/r)?
3
Let y be 2/((-2)/(-9)*3). Suppose c + c = 0. Suppose i - y = -c*i. What are the prime factors of i?
3
Let p(u) = -u**3 + 2*u**2 + 4*u - 3. Let k be p(3). Suppose c + 3*y - 16 = 0, k = 3*c + 2*y - 6*y - 87. List the prime factors of c.
5
Let v(c) = -c - 1. Let j be v(1). Let w = 3 + j. List the prime factors of -14*(-1 + w/2).
7
Let h(g) = 9*g**2. Let o be h(-1). Let i = o - 10. What are the prime factors of -2 + 1 + i + 6?
2
Suppose 5*p - 2 = -4*g, 0*p = -4*p + 5*g + 18. Suppose -3*y - p = -m + 20, 0 = 4*m + 4*y - 72. Let o = m + -12. List the prime factors of o.
7
Suppose -4*v - 1 + 0 = -u, -v = 4*u - 21. Let g(q) = q**2 + 9*q + 8. Let p be g(-8). Suppose u*z - 4*z - 9 = p. List the prime factors of z.
3
Let w = 27 + -25. Suppose d - 2*i - 1 = 18, 3*i - 31 = -w*d. List the prime factors of d.
17
Let w(g) = 2*g**2 - 33*g + 44. What are the prime factors of w(21)?
233
Suppose 2*k = 5*k + 6, -2*u - 3*k - 2 = 0. Suppose 5*o - y = -13, -u*o - 3*y = 3*o + 21. Let v = o + 5. What are the prime factors of v?
2
Let s = 83 - 49. What are the prime factors of s?
2, 17
Suppose -3*m + 4*q + 139 = 0, 2*q = 3*m + m - 202. List the prime factors of m.
53
Suppose 2*f = 5*f - y - 461, -4*y = 4*f - 636. What are the prime factors of f?
5, 31
Suppose -2*l - 3*l = -270. What are the prime factors of l?
2, 3
Let g = 60 - 20. Suppose 0 + g = 5*i. What are the prime factors of i?
2
Suppose 0 = -2*l - 3*l + 280. List the prime factors of l.
2, 7
Suppose -5*v + 27 + 53 = 0. Let i = 7 - 17. Let d = i + v. List the prime factors of d.
2, 3
Let y(o) = o**3 - 2*o**2 + 2*o - 1. Let u be y(1). Suppose -2*r + 0*r + 22 = u. Suppose 0 = 5*v - 4 - r. What are the prime factors of v?
3
Suppose 176 = 4*l - 2*n, 2*l - l - 4*n = 44. Let a = l - -18. Suppose -4*k - 4*m + m + 54 = 0, 4*k = m + a. List the prime factors of k.
3, 5
Let v = 141 + -97. Suppose g - 27 = -a, 0 = 2*a + g + 3*g - v. List the prime factors of a.
2
Let u(l) = l**2 - 1. Let m be u(-2). Suppose -s + 9 = m*v - 4*s, 26 = 2*v + 3*s. Let i = 18 - v. List the prime factors of i.
11
Suppose 0 = -40*a + 42*a - 670. What are the prime factors of a?
5, 67
Let r be 1 - (-3 - (-3 + -13)). List the prime factors of (-150)/(-8) - r/48.
19
Let z = -67 + 134. List the prime factors of z.
67
Let q = 14 - 10. Suppose q*n = n. Let h(s) = s + 2. What are the prime factors of h(n)?
2
Suppose 0 = -r + 2*m - 0*m + 39, -3*r + 127 = -4*m. What are the prime factors of r?
7
What are the prime factors of (-334)/(-4)*1*(1 - -1)?
167
Let n(d) = 2*d**2 - 2*d - 1. Let r be n(2). Suppose 0 = -r*v + v. What are the prime factors of 1*(v + -2 - -13)?
11
Let a(j) be the first derivative of -j**3/3 + 5*j**2/2 - 3*j + 4. List the prime factors of a(3).
3
Suppose -4*v + 4 = -44. Let a be 2/(-2 - (-12)/5). Let x = v - a. What are the prime factors of x?
7
Let i = -21 - -47. What are the prime factors of i?
2, 13
Suppose 1 = l + 4. Let w = l + 1. List the prime factors of (4 - 3) + (w - -14).
13
Let q(s) = s**3 + 11*s**2 + 8*s - 5. Let z be (15/(-2))/((-21)/(-28)). List the prime factors of q(z).
3, 5
Let t(o) = -o**3 - o**2 + 2*o - 1. Let v be t(-2). Let g = 0 + 0. What are the prime factors of g + 4/(-2)*v?
2
Let b = -19 + 86. List the prime factors of b.
67
Suppose 6*g - 4*g = 3*o + 16, -2*o = -2*g + 12. Suppose -g*n = 5*n - 28. What are the prime factors of n?
2
Let r be 3/6 + (-9)/2. Let z be 64/r*2/4. Let k = -1 - z. List the prime factors of k.
7
Suppose -10 = m + m. Let b = m - -8. List the prime factors of b.
3
Suppose 26 = -4*f - 146. Let s = f + 74. List the prime factors of s.
31
Let t = 10 - -26. List the prime factors of t.
2, 3
Let r = -7 + 13. Suppose -4*v - 2*z = 14, -z = -4*v - r*z - 29. List the prime factors of (2*(v + 6))/1.
2, 5
Let x(c) = -c**3 + 5*c**2 - 3*c + 2. Let j(m) = m**3 + 6*m**2 + 3*m - 6. Let v be j(-5). Let r be x(v). List the prime factors of (4/r + 0)*3.
2
Let y(q) = -115*q + 7. What are the prime factors of y(-2)?
3, 79
Suppose 0 = -6*q + 325 + 53. List the prime factors of q.
3, 7
Let z(h) = h**3 - h**2 - 35. Let j be z(0). Let f = j + 63. List the prime factors of f.
2, 7
Let z(x) = 3*x**3 - x**2 + 2*x - 2. Let o be z(2). Suppose -o = -r - r. What are the prime factors of r?
11
Let l be 3 + -8 + 3 + -1. List the prime factors of 2*(l - 69/(-6)).
17
What are the prime factors of (-850)/(-35) + 4/(-14)?
2, 3
Suppose -5*s + 0*m + 4*m + 18 = 0, 0 = -3*s - 4*m - 2. Suppose 0 = s*c + 3*c. Suppose 3*y - 7*y + 32 = c. What are the prime factors of y?
2
Suppose -2*i = 5*p - 71, -2*p + 3*i + 12 = -24. Suppose -2*u - m = -p - 3, 5*u + 4*m - 51 = 0. List the prime factors of u.
7
Let y be 4 + 3/(6/2). Let c(z) = -z**3 - 10 + 0*z**3 + 12 + y*z**2 + z**2. List the prime factors of c(6).
2
Let s = 438 + -31. List the prime factors of s.
11, 37
Let i(a) be the third derivative of -a**4/24 + a**3 - 2*a**2. Let z(t) = -4*t + 25. Let d(h) = -9*i(h) + 2*z(h). List the prime factors of d(9).
5
What are the prime factors of (4/(-10))/(1/(-125))?
2, 5
Let f = -270 - -613. List the prime factors of f.
7
Let d(x) = -3*x - 1. Let m be d(-2). Suppose -m*a + a + 40 = 0. What are the prime factors of a?
2, 5
Let x(y) = -y**2 + 15*y - 25. Suppose 54 = 4*a + 10. List the prime factors of x(a).
19
Let p(j) be the third derivative of 2*j**2 + 3/2*j**3 - 5/24*j**4 + 0*j + 0 + 1/60*j**5. List the prime factors of p(6).
3, 5
Suppose -1 - 7 = -2*a. What are the prime factors of a?
2
Suppose 0*x + 2*x = 0. Suppose -3*u + x*u + 24 = 0. List the prime factors of u.
2
Suppose -4*b - l = -39, -3*b + 7*l + 33 = 4*l. Suppose 0 = 4*k - 2 - b. What are the prime factors of k?
3
Suppose 6*t = 3*t + 69. List the prime factors of t.
23
Let v be 2/(-9) + 237/(-27). Let m = v + 53. List the prime factors of m.
2, 11
Let a(o) = 72*o + 4. Let m(k) = -24*k - 1. Let l(t) = 3*a(t) + 10*m(t). Let g be l(-2). Suppose 0 = -2*q - 3*q + g. List the prime factors of q.
2, 5
Let p(b) = b**3 + 11*b**2 - 5*b - 16. List the prime factors of p(-11).
3, 13
Suppose -2*z = 38 + 48. Let n = z + 72. Suppose -5*b = -21 - n. What are the prime factors of b?
2, 5
Suppose 5*a = 2*a + 3*r + 51, -2*r - 55 = -3*a. What are the prime factors of a?
3, 7
Let z(w) = -2 + 1 - 1 - 1 + 3*w. List the prime factors of z(5).
2, 3
Suppose -179 + 851 = 7*s. What are the prime factors of s?
2, 3
Let t be 1/2 - (-31)/2. Suppose 2*w +